{"id":1852,"date":"2026-03-11T22:01:36","date_gmt":"2026-03-11T22:01:36","guid":{"rendered":"https:\/\/surtiglobos.bcardmexico.com\/?post_type=product&#038;p=1852"},"modified":"2026-03-11T22:06:11","modified_gmt":"2026-03-11T22:06:11","slug":"globo-helio-amistad","status":"publish","type":"product","link":"https:\/\/surtiglobos.bcardmexico.com\/?product=globo-helio-amistad","title":{"rendered":"Globo Helio Amistad"},"content":{"rendered":"<p>Tama\u00f1o: 18 pulgadas Packge incluye:1pc globo Debido a diferentes monitores, la imagen puede tener cambios de color leves. El producto solo se reembolsar\u00e1 cuando el art\u00edculo defectuoso sea enviado. Una vez que el env\u00edo se confirma\/arreglado, el pedido no puede ser cancelado. Tenga en cuenta que la entrega no est\u00e1 dentro de nuestro control, porque procesaremos su pedido despu\u00e9s de que usted env\u00ede \/ pague, por favor p\u00f3ngase en contacto con el mensajero y le dar\u00e1n un n\u00famero de seguimiento. Plan de antemano para comprar y celebrar una fiesta libre de estr\u00e9s. Si usted tiene alguna pregunta, por favor p\u00f3ngase en contacto con nuestro personal de servicio al cliente primero, no nos d\u00e9 una mala revisi\u00f3n directamente, no puede resolver ning\u00fan problema<br \/>\nGlobos,De,Helio,Decoraci,Para,18,Del,Hogar,Pulgadas<\/p>\n","protected":false},"excerpt":{"rendered":"<p>Especificaciones<\/p>\n<p>Condici\u00f3n<br \/>\nNuevo<br \/>\nN\u00famero de Piezas<br \/>\n1<br \/>\nCantidad de Piezas<br \/>\n1<br \/>\nG\u00e9nero<br \/>\nUnisex<br \/>\nM\u00e1s detalles<\/p>\n","protected":false},"featured_media":1853,"comment_status":"open","ping_status":"closed","template":"","meta":[],"etheme_brands":[],"product_brand":[],"product_cat":[58],"product_tag":[],"class_list":{"0":"post-1852","1":"product","2":"type-product","3":"status-publish","4":"has-post-thumbnail","6":"product_cat-helio","8":"first","9":"instock","10":"shipping-taxable","11":"product-type-simple"},"yoast_head":"<!-- This site is optimized with the Yoast SEO Premium plugin v23.4 (Yoast SEO v23.4) - https:\/\/yoast.com\/wordpress\/plugins\/seo\/ -->\n<title>Globo Helio Amistad - SurtiGlobos<\/title>\n<meta name=\"robots\" content=\"index, follow, max-snippet:-1, max-image-preview:large, max-video-preview:-1\" \/>\n<link rel=\"canonical\" href=\"https:\/\/surtiglobos.bcardmexico.com\/?product=globo-helio-amistad\" \/>\n<meta property=\"og:locale\" content=\"es_MX\" \/>\n<meta property=\"og:type\" content=\"article\" \/>\n<meta property=\"og:title\" content=\"Globo Helio Amistad\" \/>\n<meta property=\"og:description\" content=\"Especificaciones  Condici\u00f3n Nuevo N\u00famero de Piezas 1 Cantidad de Piezas 1 G\u00e9nero Unisex M\u00e1s detalles\" \/>\n<meta property=\"og:url\" content=\"https:\/\/surtiglobos.bcardmexico.com\/?product=globo-helio-amistad\" \/>\n<meta property=\"og:site_name\" content=\"SurtiGlobos\" \/>\n<meta property=\"article:modified_time\" content=\"2026-03-11T22:06:11+00:00\" \/>\n<meta property=\"og:image\" content=\"https:\/\/surtiglobos.bcardmexico.com\/wp-content\/uploads\/2026\/03\/helio-3.png\" \/>\n\t<meta property=\"og:image:width\" content=\"1080\" \/>\n\t<meta property=\"og:image:height\" content=\"1080\" \/>\n\t<meta property=\"og:image:type\" content=\"image\/png\" \/>\n<meta name=\"twitter:card\" content=\"summary_large_image\" \/>\n<meta name=\"twitter:label1\" content=\"Tiempo de lectura\" \/>\n\t<meta name=\"twitter:data1\" content=\"1 minuto\" \/>\n<script type=\"application\/ld+json\" class=\"yoast-schema-graph\">{\"@context\":\"https:\/\/schema.org\",\"@graph\":[{\"@type\":\"WebPage\",\"@id\":\"https:\/\/surtiglobos.bcardmexico.com\/?product=globo-helio-amistad\",\"url\":\"https:\/\/surtiglobos.bcardmexico.com\/?product=globo-helio-amistad\",\"name\":\"Globo Helio Amistad - SurtiGlobos\",\"isPartOf\":{\"@id\":\"https:\/\/surtiglobos.bcardmexico.com\/#website\"},\"primaryImageOfPage\":{\"@id\":\"https:\/\/surtiglobos.bcardmexico.com\/?product=globo-helio-amistad#primaryimage\"},\"image\":{\"@id\":\"https:\/\/surtiglobos.bcardmexico.com\/?product=globo-helio-amistad#primaryimage\"},\"thumbnailUrl\":\"https:\/\/surtiglobos.bcardmexico.com\/wp-content\/uploads\/2026\/03\/helio-3.png\",\"datePublished\":\"2026-03-11T22:01:36+00:00\",\"dateModified\":\"2026-03-11T22:06:11+00:00\",\"breadcrumb\":{\"@id\":\"https:\/\/surtiglobos.bcardmexico.com\/?product=globo-helio-amistad#breadcrumb\"},\"inLanguage\":\"es\",\"potentialAction\":[{\"@type\":\"ReadAction\",\"target\":[\"https:\/\/surtiglobos.bcardmexico.com\/?product=globo-helio-amistad\"]}]},{\"@type\":\"ImageObject\",\"inLanguage\":\"es\",\"@id\":\"https:\/\/surtiglobos.bcardmexico.com\/?product=globo-helio-amistad#primaryimage\",\"url\":\"https:\/\/surtiglobos.bcardmexico.com\/wp-content\/uploads\/2026\/03\/helio-3.png\",\"contentUrl\":\"https:\/\/surtiglobos.bcardmexico.com\/wp-content\/uploads\/2026\/03\/helio-3.png\",\"width\":1080,\"height\":1080},{\"@type\":\"BreadcrumbList\",\"@id\":\"https:\/\/surtiglobos.bcardmexico.com\/?product=globo-helio-amistad#breadcrumb\",\"itemListElement\":[{\"@type\":\"ListItem\",\"position\":1,\"name\":\"Home\",\"item\":\"https:\/\/surtiglobos.bcardmexico.com\/\"},{\"@type\":\"ListItem\",\"position\":2,\"name\":\"Shop\",\"item\":\"https:\/\/surtiglobos.bcardmexico.com\/?page_id=12\"},{\"@type\":\"ListItem\",\"position\":3,\"name\":\"Globo Helio Amistad\"}]},{\"@type\":\"WebSite\",\"@id\":\"https:\/\/surtiglobos.bcardmexico.com\/#website\",\"url\":\"https:\/\/surtiglobos.bcardmexico.com\/\",\"name\":\"Surti Globos\",\"description\":\"\",\"publisher\":{\"@id\":\"https:\/\/surtiglobos.bcardmexico.com\/#organization\"},\"alternateName\":\"Surti Globos\",\"potentialAction\":[{\"@type\":\"SearchAction\",\"target\":{\"@type\":\"EntryPoint\",\"urlTemplate\":\"https:\/\/surtiglobos.bcardmexico.com\/?s={search_term_string}\"},\"query-input\":{\"@type\":\"PropertyValueSpecification\",\"valueRequired\":true,\"valueName\":\"search_term_string\"}}],\"inLanguage\":\"es\"},{\"@type\":\"Organization\",\"@id\":\"https:\/\/surtiglobos.bcardmexico.com\/#organization\",\"name\":\"Surti Globos\",\"url\":\"https:\/\/surtiglobos.bcardmexico.com\/\",\"logo\":{\"@type\":\"ImageObject\",\"inLanguage\":\"es\",\"@id\":\"https:\/\/surtiglobos.bcardmexico.com\/#\/schema\/logo\/image\/\",\"url\":\"https:\/\/surtiglobos.bcardmexico.com\/wp-content\/uploads\/2023\/01\/Logo-1.png\",\"contentUrl\":\"https:\/\/surtiglobos.bcardmexico.com\/wp-content\/uploads\/2023\/01\/Logo-1.png\",\"width\":306,\"height\":72,\"caption\":\"Surti Globos\"},\"image\":{\"@id\":\"https:\/\/surtiglobos.bcardmexico.com\/#\/schema\/logo\/image\/\"}}]}<\/script>\n<!-- \/ Yoast SEO Premium plugin. -->","yoast_head_json":{"title":"Globo Helio Amistad - SurtiGlobos","robots":{"index":"index","follow":"follow","max-snippet":"max-snippet:-1","max-image-preview":"max-image-preview:large","max-video-preview":"max-video-preview:-1"},"canonical":"https:\/\/surtiglobos.bcardmexico.com\/?product=globo-helio-amistad","og_locale":"es_MX","og_type":"article","og_title":"Globo Helio Amistad","og_description":"Especificaciones  Condici\u00f3n Nuevo N\u00famero de Piezas 1 Cantidad de Piezas 1 G\u00e9nero Unisex M\u00e1s detalles","og_url":"https:\/\/surtiglobos.bcardmexico.com\/?product=globo-helio-amistad","og_site_name":"SurtiGlobos","article_modified_time":"2026-03-11T22:06:11+00:00","og_image":[{"width":1080,"height":1080,"url":"https:\/\/surtiglobos.bcardmexico.com\/wp-content\/uploads\/2026\/03\/helio-3.png","type":"image\/png"}],"twitter_card":"summary_large_image","twitter_misc":{"Tiempo de lectura":"1 minuto"},"schema":{"@context":"https:\/\/schema.org","@graph":[{"@type":"WebPage","@id":"https:\/\/surtiglobos.bcardmexico.com\/?product=globo-helio-amistad","url":"https:\/\/surtiglobos.bcardmexico.com\/?product=globo-helio-amistad","name":"Globo Helio Amistad - SurtiGlobos","isPartOf":{"@id":"https:\/\/surtiglobos.bcardmexico.com\/#website"},"primaryImageOfPage":{"@id":"https:\/\/surtiglobos.bcardmexico.com\/?product=globo-helio-amistad#primaryimage"},"image":{"@id":"https:\/\/surtiglobos.bcardmexico.com\/?product=globo-helio-amistad#primaryimage"},"thumbnailUrl":"https:\/\/surtiglobos.bcardmexico.com\/wp-content\/uploads\/2026\/03\/helio-3.png","datePublished":"2026-03-11T22:01:36+00:00","dateModified":"2026-03-11T22:06:11+00:00","breadcrumb":{"@id":"https:\/\/surtiglobos.bcardmexico.com\/?product=globo-helio-amistad#breadcrumb"},"inLanguage":"es","potentialAction":[{"@type":"ReadAction","target":["https:\/\/surtiglobos.bcardmexico.com\/?product=globo-helio-amistad"]}]},{"@type":"ImageObject","inLanguage":"es","@id":"https:\/\/surtiglobos.bcardmexico.com\/?product=globo-helio-amistad#primaryimage","url":"https:\/\/surtiglobos.bcardmexico.com\/wp-content\/uploads\/2026\/03\/helio-3.png","contentUrl":"https:\/\/surtiglobos.bcardmexico.com\/wp-content\/uploads\/2026\/03\/helio-3.png","width":1080,"height":1080},{"@type":"BreadcrumbList","@id":"https:\/\/surtiglobos.bcardmexico.com\/?product=globo-helio-amistad#breadcrumb","itemListElement":[{"@type":"ListItem","position":1,"name":"Home","item":"https:\/\/surtiglobos.bcardmexico.com\/"},{"@type":"ListItem","position":2,"name":"Shop","item":"https:\/\/surtiglobos.bcardmexico.com\/?page_id=12"},{"@type":"ListItem","position":3,"name":"Globo Helio Amistad"}]},{"@type":"WebSite","@id":"https:\/\/surtiglobos.bcardmexico.com\/#website","url":"https:\/\/surtiglobos.bcardmexico.com\/","name":"Surti Globos","description":"","publisher":{"@id":"https:\/\/surtiglobos.bcardmexico.com\/#organization"},"alternateName":"Surti Globos","potentialAction":[{"@type":"SearchAction","target":{"@type":"EntryPoint","urlTemplate":"https:\/\/surtiglobos.bcardmexico.com\/?s={search_term_string}"},"query-input":{"@type":"PropertyValueSpecification","valueRequired":true,"valueName":"search_term_string"}}],"inLanguage":"es"},{"@type":"Organization","@id":"https:\/\/surtiglobos.bcardmexico.com\/#organization","name":"Surti Globos","url":"https:\/\/surtiglobos.bcardmexico.com\/","logo":{"@type":"ImageObject","inLanguage":"es","@id":"https:\/\/surtiglobos.bcardmexico.com\/#\/schema\/logo\/image\/","url":"https:\/\/surtiglobos.bcardmexico.com\/wp-content\/uploads\/2023\/01\/Logo-1.png","contentUrl":"https:\/\/surtiglobos.bcardmexico.com\/wp-content\/uploads\/2023\/01\/Logo-1.png","width":306,"height":72,"caption":"Surti Globos"},"image":{"@id":"https:\/\/surtiglobos.bcardmexico.com\/#\/schema\/logo\/image\/"}}]}},"_links":{"self":[{"href":"https:\/\/surtiglobos.bcardmexico.com\/index.php?rest_route=\/wp\/v2\/product\/1852","targetHints":{"allow":["GET"]}}],"collection":[{"href":"https:\/\/surtiglobos.bcardmexico.com\/index.php?rest_route=\/wp\/v2\/product"}],"about":[{"href":"https:\/\/surtiglobos.bcardmexico.com\/index.php?rest_route=\/wp\/v2\/types\/product"}],"replies":[{"embeddable":true,"href":"https:\/\/surtiglobos.bcardmexico.com\/index.php?rest_route=%2Fwp%2Fv2%2Fcomments&post=1852"}],"version-history":[{"count":1,"href":"https:\/\/surtiglobos.bcardmexico.com\/index.php?rest_route=\/wp\/v2\/product\/1852\/revisions"}],"predecessor-version":[{"id":1854,"href":"https:\/\/surtiglobos.bcardmexico.com\/index.php?rest_route=\/wp\/v2\/product\/1852\/revisions\/1854"}],"wp:featuredmedia":[{"embeddable":true,"href":"https:\/\/surtiglobos.bcardmexico.com\/index.php?rest_route=\/wp\/v2\/media\/1853"}],"wp:attachment":[{"href":"https:\/\/surtiglobos.bcardmexico.com\/index.php?rest_route=%2Fwp%2Fv2%2Fmedia&parent=1852"}],"wp:term":[{"taxonomy":"brand","embeddable":true,"href":"https:\/\/surtiglobos.bcardmexico.com\/index.php?rest_route=%2Fwp%2Fv2%2Fetheme_brands&post=1852"},{"taxonomy":"product_brand","embeddable":true,"href":"https:\/\/surtiglobos.bcardmexico.com\/index.php?rest_route=%2Fwp%2Fv2%2Fproduct_brand&post=1852"},{"taxonomy":"product_cat","embeddable":true,"href":"https:\/\/surtiglobos.bcardmexico.com\/index.php?rest_route=%2Fwp%2Fv2%2Fproduct_cat&post=1852"},{"taxonomy":"product_tag","embeddable":true,"href":"https:\/\/surtiglobos.bcardmexico.com\/index.php?rest_route=%2Fwp%2Fv2%2Fproduct_tag&post=1852"}],"curies":[{"name":"wp","href":"https:\/\/api.w.org\/{rel}","templated":true}]}}